{"id":204,"date":"2024-09-04T07:42:55","date_gmt":"2024-09-04T07:42:55","guid":{"rendered":"https:\/\/fabrikarchitects.com\/index.php\/home-page-slovencina\/"},"modified":"2024-09-04T08:06:50","modified_gmt":"2024-09-04T08:06:50","slug":"home-page-slovencina","status":"publish","type":"page","link":"https:\/\/fabrik.sk\/","title":{"rendered":"Home page &#8211; Sloven\u010dina"},"content":{"rendered":"\t\t<div data-elementor-type=\"wp-page\" data-elementor-id=\"204\" class=\"elementor elementor-204\" data-elementor-post-type=\"page\">\n\t\t\t\t<div class=\"elementor-element elementor-element-2b9877c3 e-con-full e-flex e-con e-parent\" data-id=\"2b9877c3\" data-element_type=\"container\" data-e-type=\"container\" id=\"home\">\n\t\t\t\t<\/div>\n\t\t<div class=\"elementor-element elementor-element-2916457b e-flex e-con-boxed e-con e-parent\" data-id=\"2916457b\" data-element_type=\"container\" data-e-type=\"container\" id=\"projects\">\n\t\t\t\t\t<div class=\"e-con-inner\">\n\t\t\t\t\t<\/div>\n\t\t\t\t<\/div>\n\t\t<div class=\"elementor-element elementor-element-59dfbfa6 e-flex e-con-boxed e-con e-parent\" data-id=\"59dfbfa6\" data-element_type=\"container\" data-e-type=\"container\">\n\t\t\t\t\t<div class=\"e-con-inner\">\n\t\t\t\t<div class=\"elementor-element elementor-element-258206a3 elementor-widget elementor-widget-gallery\" data-id=\"258206a3\" data-element_type=\"widget\" data-e-type=\"widget\" data-settings=\"{&quot;gallery_layout&quot;:&quot;justified&quot;,&quot;lazyload&quot;:&quot;yes&quot;,&quot;ideal_row_height&quot;:{&quot;unit&quot;:&quot;px&quot;,&quot;size&quot;:200,&quot;sizes&quot;:[]},&quot;ideal_row_height_tablet&quot;:{&quot;unit&quot;:&quot;px&quot;,&quot;size&quot;:150,&quot;sizes&quot;:[]},&quot;ideal_row_height_mobile&quot;:{&quot;unit&quot;:&quot;px&quot;,&quot;size&quot;:150,&quot;sizes&quot;:[]},&quot;gap&quot;:{&quot;unit&quot;:&quot;px&quot;,&quot;size&quot;:10,&quot;sizes&quot;:[]},&quot;gap_tablet&quot;:{&quot;unit&quot;:&quot;px&quot;,&quot;size&quot;:10,&quot;sizes&quot;:[]},&quot;gap_mobile&quot;:{&quot;unit&quot;:&quot;px&quot;,&quot;size&quot;:10,&quot;sizes&quot;:[]},&quot;link_to&quot;:&quot;file&quot;,&quot;overlay_background&quot;:&quot;yes&quot;,&quot;content_hover_animation&quot;:&quot;fade-in&quot;}\" data-widget_type=\"gallery.default\">\n\t\t\t\t<div class=\"elementor-widget-container\">\n\t\t\t\t\t\t\t<div class=\"elementor-gallery__container\">\n\t\t\t\t\t\t\t<a class=\"e-gallery-item elementor-gallery-item elementor-animated-content\" href=\"https:\/\/fabrik.sk\/wp-content\/uploads\/2024\/08\/BD-Priechodna_1-1-scaled.jpg\" data-elementor-open-lightbox=\"yes\" data-elementor-lightbox-slideshow=\"258206a3\" data-e-action-hash=\"#elementor-action%3Aaction%3Dlightbox%26settings%3DeyJpZCI6MTIzLCJ1cmwiOiJodHRwczpcL1wvZmFicmlrLnNrXC93cC1jb250ZW50XC91cGxvYWRzXC8yMDI0XC8wOFwvQkQtUHJpZWNob2RuYV8xLTEtc2NhbGVkLmpwZyIsInNsaWRlc2hvdyI6IjI1ODIwNmEzIn0%3D\">\n\t\t\t\t\t<div class=\"e-gallery-image elementor-gallery-item__image\" data-thumbnail=\"https:\/\/fabrik.sk\/wp-content\/uploads\/2024\/08\/BD-Priechodna_1-1-300x225.jpg\" data-width=\"300\" data-height=\"225\" aria-label=\"Bytov\u00fd dom 1\" role=\"img\" ><\/div>\n\t\t\t\t\t\t\t\t\t\t\t<div class=\"elementor-gallery-item__overlay\"><\/div>\n\t\t\t\t\t\t\t\t\t\t\t\t\t\t<\/a>\n\t\t\t\t\t\t\t<a class=\"e-gallery-item elementor-gallery-item elementor-animated-content\" href=\"https:\/\/fabrik.sk\/wp-content\/uploads\/2024\/08\/BD-Priechodna_2-scaled.jpg\" data-elementor-open-lightbox=\"yes\" data-elementor-lightbox-slideshow=\"258206a3\" data-e-action-hash=\"#elementor-action%3Aaction%3Dlightbox%26settings%3DeyJpZCI6MTYsInVybCI6Imh0dHBzOlwvXC9mYWJyaWsuc2tcL3dwLWNvbnRlbnRcL3VwbG9hZHNcLzIwMjRcLzA4XC9CRC1QcmllY2hvZG5hXzItc2NhbGVkLmpwZyIsInNsaWRlc2hvdyI6IjI1ODIwNmEzIn0%3D\">\n\t\t\t\t\t<div class=\"e-gallery-image elementor-gallery-item__image\" data-thumbnail=\"https:\/\/fabrik.sk\/wp-content\/uploads\/2024\/08\/BD-Priechodna_2-300x225.jpg\" data-width=\"300\" data-height=\"225\" aria-label=\"Bytov\u00fd dom 2\" role=\"img\" ><\/div>\n\t\t\t\t\t\t\t\t\t\t\t<div class=\"elementor-gallery-item__overlay\"><\/div>\n\t\t\t\t\t\t\t\t\t\t\t\t\t\t<\/a>\n\t\t\t\t\t\t\t<a class=\"e-gallery-item elementor-gallery-item elementor-animated-content\" href=\"https:\/\/fabrik.sk\/wp-content\/uploads\/2024\/08\/BD-Priechodna_3-scaled.jpg\" data-elementor-open-lightbox=\"yes\" data-elementor-lightbox-slideshow=\"258206a3\" data-e-action-hash=\"#elementor-action%3Aaction%3Dlightbox%26settings%3DeyJpZCI6MTcsInVybCI6Imh0dHBzOlwvXC9mYWJyaWsuc2tcL3dwLWNvbnRlbnRcL3VwbG9hZHNcLzIwMjRcLzA4XC9CRC1QcmllY2hvZG5hXzMtc2NhbGVkLmpwZyIsInNsaWRlc2hvdyI6IjI1ODIwNmEzIn0%3D\">\n\t\t\t\t\t<div class=\"e-gallery-image elementor-gallery-item__image\" data-thumbnail=\"https:\/\/fabrik.sk\/wp-content\/uploads\/2024\/08\/BD-Priechodna_3-300x225.jpg\" data-width=\"300\" data-height=\"225\" aria-label=\"Bytov\u00fd dom\" role=\"img\" ><\/div>\n\t\t\t\t\t\t\t\t\t\t\t<div class=\"elementor-gallery-item__overlay\"><\/div>\n\t\t\t\t\t\t\t\t\t\t\t\t\t\t<\/a>\n\t\t\t\t\t\t\t<a class=\"e-gallery-item elementor-gallery-item elementor-animated-content\" href=\"https:\/\/fabrik.sk\/wp-content\/uploads\/2024\/08\/BD-Priechodna_4-scaled.jpg\" data-elementor-open-lightbox=\"yes\" data-elementor-lightbox-slideshow=\"258206a3\" data-e-action-hash=\"#elementor-action%3Aaction%3Dlightbox%26settings%3DeyJpZCI6MTIyLCJ1cmwiOiJodHRwczpcL1wvZmFicmlrLnNrXC93cC1jb250ZW50XC91cGxvYWRzXC8yMDI0XC8wOFwvQkQtUHJpZWNob2RuYV80LXNjYWxlZC5qcGciLCJzbGlkZXNob3ciOiIyNTgyMDZhMyJ9\">\n\t\t\t\t\t<div class=\"e-gallery-image elementor-gallery-item__image\" data-thumbnail=\"https:\/\/fabrik.sk\/wp-content\/uploads\/2024\/08\/BD-Priechodna_4-300x225.jpg\" data-width=\"300\" data-height=\"225\" aria-label=\"Bytov\u00fd dom 4\" role=\"img\" ><\/div>\n\t\t\t\t\t\t\t\t\t\t\t<div class=\"elementor-gallery-item__overlay\"><\/div>\n\t\t\t\t\t\t\t\t\t\t\t\t\t\t<\/a>\n\t\t\t\t\t\t\t<a class=\"e-gallery-item elementor-gallery-item elementor-animated-content\" href=\"https:\/\/fabrik.sk\/wp-content\/uploads\/2024\/08\/RD-Gregus_1-scaled.jpg\" data-elementor-open-lightbox=\"yes\" data-elementor-lightbox-slideshow=\"258206a3\" data-e-action-hash=\"#elementor-action%3Aaction%3Dlightbox%26settings%3DeyJpZCI6MjYsInVybCI6Imh0dHBzOlwvXC9mYWJyaWsuc2tcL3dwLWNvbnRlbnRcL3VwbG9hZHNcLzIwMjRcLzA4XC9SRC1HcmVndXNfMS1zY2FsZWQuanBnIiwic2xpZGVzaG93IjoiMjU4MjA2YTMifQ%3D%3D\">\n\t\t\t\t\t<div class=\"e-gallery-image elementor-gallery-item__image\" data-thumbnail=\"https:\/\/fabrik.sk\/wp-content\/uploads\/2024\/08\/RD-Gregus_1-300x225.jpg\" data-width=\"300\" data-height=\"225\" aria-label=\"Rodinn\u00fd dom 1\" role=\"img\" ><\/div>\n\t\t\t\t\t\t\t\t\t\t\t<div class=\"elementor-gallery-item__overlay\"><\/div>\n\t\t\t\t\t\t\t\t\t\t\t\t\t\t<\/a>\n\t\t\t\t\t\t\t<a class=\"e-gallery-item elementor-gallery-item elementor-animated-content\" href=\"https:\/\/fabrik.sk\/wp-content\/uploads\/2024\/08\/RD-Gregus_2-scaled.jpg\" data-elementor-open-lightbox=\"yes\" data-elementor-lightbox-slideshow=\"258206a3\" data-e-action-hash=\"#elementor-action%3Aaction%3Dlightbox%26settings%3DeyJpZCI6MjcsInVybCI6Imh0dHBzOlwvXC9mYWJyaWsuc2tcL3dwLWNvbnRlbnRcL3VwbG9hZHNcLzIwMjRcLzA4XC9SRC1HcmVndXNfMi1zY2FsZWQuanBnIiwic2xpZGVzaG93IjoiMjU4MjA2YTMifQ%3D%3D\">\n\t\t\t\t\t<div class=\"e-gallery-image elementor-gallery-item__image\" data-thumbnail=\"https:\/\/fabrik.sk\/wp-content\/uploads\/2024\/08\/RD-Gregus_2-300x225.jpg\" data-width=\"300\" data-height=\"225\" aria-label=\"Rodinn\u00fd dom 2\" role=\"img\" ><\/div>\n\t\t\t\t\t\t\t\t\t\t\t<div class=\"elementor-gallery-item__overlay\"><\/div>\n\t\t\t\t\t\t\t\t\t\t\t\t\t\t<\/a>\n\t\t\t\t\t\t\t<a class=\"e-gallery-item elementor-gallery-item elementor-animated-content\" href=\"https:\/\/fabrik.sk\/wp-content\/uploads\/2024\/08\/RD-Gregus_3-scaled.jpg\" data-elementor-open-lightbox=\"yes\" data-elementor-lightbox-slideshow=\"258206a3\" data-e-action-hash=\"#elementor-action%3Aaction%3Dlightbox%26settings%3DeyJpZCI6MTQwLCJ1cmwiOiJodHRwczpcL1wvZmFicmlrLnNrXC93cC1jb250ZW50XC91cGxvYWRzXC8yMDI0XC8wOFwvUkQtR3JlZ3VzXzMtc2NhbGVkLmpwZyIsInNsaWRlc2hvdyI6IjI1ODIwNmEzIn0%3D\">\n\t\t\t\t\t<div class=\"e-gallery-image elementor-gallery-item__image\" data-thumbnail=\"https:\/\/fabrik.sk\/wp-content\/uploads\/2024\/08\/RD-Gregus_3-300x225.jpg\" data-width=\"300\" data-height=\"225\" aria-label=\"Rodinn\u00fd dom 3\" role=\"img\" ><\/div>\n\t\t\t\t\t\t\t\t\t\t\t<div class=\"elementor-gallery-item__overlay\"><\/div>\n\t\t\t\t\t\t\t\t\t\t\t\t\t\t<\/a>\n\t\t\t\t\t\t\t<a class=\"e-gallery-item elementor-gallery-item elementor-animated-content\" href=\"https:\/\/fabrik.sk\/wp-content\/uploads\/2024\/09\/RD-Gregus_4-scaled.jpg\" data-elementor-open-lightbox=\"yes\" data-elementor-lightbox-slideshow=\"258206a3\" data-e-action-hash=\"#elementor-action%3Aaction%3Dlightbox%26settings%3DeyJpZCI6MTk4LCJ1cmwiOiJodHRwczpcL1wvZmFicmlrLnNrXC93cC1jb250ZW50XC91cGxvYWRzXC8yMDI0XC8wOVwvUkQtR3JlZ3VzXzQtc2NhbGVkLmpwZyIsInNsaWRlc2hvdyI6IjI1ODIwNmEzIn0%3D\">\n\t\t\t\t\t<div class=\"e-gallery-image elementor-gallery-item__image\" data-thumbnail=\"https:\/\/fabrik.sk\/wp-content\/uploads\/2024\/09\/RD-Gregus_4-300x225.jpg\" data-width=\"300\" data-height=\"225\" aria-label=\"Rodinn\u00fd dom 4\" role=\"img\" ><\/div>\n\t\t\t\t\t\t\t\t\t\t\t<div class=\"elementor-gallery-item__overlay\"><\/div>\n\t\t\t\t\t\t\t\t\t\t\t\t\t\t<\/a>\n\t\t\t\t\t\t\t<a class=\"e-gallery-item elementor-gallery-item elementor-animated-content\" href=\"https:\/\/fabrik.sk\/wp-content\/uploads\/2024\/09\/RD-Gregus_5-scaled.jpg\" data-elementor-open-lightbox=\"yes\" data-elementor-lightbox-slideshow=\"258206a3\" data-e-action-hash=\"#elementor-action%3Aaction%3Dlightbox%26settings%3DeyJpZCI6MTk5LCJ1cmwiOiJodHRwczpcL1wvZmFicmlrLnNrXC93cC1jb250ZW50XC91cGxvYWRzXC8yMDI0XC8wOVwvUkQtR3JlZ3VzXzUtc2NhbGVkLmpwZyIsInNsaWRlc2hvdyI6IjI1ODIwNmEzIn0%3D\">\n\t\t\t\t\t<div class=\"e-gallery-image elementor-gallery-item__image\" data-thumbnail=\"https:\/\/fabrik.sk\/wp-content\/uploads\/2024\/09\/RD-Gregus_5-300x225.jpg\" data-width=\"300\" data-height=\"225\" aria-label=\"Rodinn\u00fd dom 5\" role=\"img\" ><\/div>\n\t\t\t\t\t\t\t\t\t\t\t<div class=\"elementor-gallery-item__overlay\"><\/div>\n\t\t\t\t\t\t\t\t\t\t\t\t\t\t<\/a>\n\t\t\t\t\t\t\t<a class=\"e-gallery-item elementor-gallery-item elementor-animated-content\" href=\"https:\/\/fabrik.sk\/wp-content\/uploads\/2024\/08\/RD-Banoci_1-scaled.jpg\" data-elementor-open-lightbox=\"yes\" data-elementor-lightbox-slideshow=\"258206a3\" data-e-action-hash=\"#elementor-action%3Aaction%3Dlightbox%26settings%3DeyJpZCI6MjQsInVybCI6Imh0dHBzOlwvXC9mYWJyaWsuc2tcL3dwLWNvbnRlbnRcL3VwbG9hZHNcLzIwMjRcLzA4XC9SRC1CYW5vY2lfMS1zY2FsZWQuanBnIiwic2xpZGVzaG93IjoiMjU4MjA2YTMifQ%3D%3D\">\n\t\t\t\t\t<div class=\"e-gallery-image elementor-gallery-item__image\" data-thumbnail=\"https:\/\/fabrik.sk\/wp-content\/uploads\/2024\/08\/RD-Banoci_1-300x225.jpg\" data-width=\"300\" data-height=\"225\" aria-label=\"Rodinn\u00fd dom 1\" role=\"img\" ><\/div>\n\t\t\t\t\t\t\t\t\t\t\t<div class=\"elementor-gallery-item__overlay\"><\/div>\n\t\t\t\t\t\t\t\t\t\t\t\t\t\t<\/a>\n\t\t\t\t\t\t\t<a class=\"e-gallery-item elementor-gallery-item elementor-animated-content\" href=\"https:\/\/fabrik.sk\/wp-content\/uploads\/2024\/08\/RD-Banoci_2-scaled.jpg\" data-elementor-open-lightbox=\"yes\" data-elementor-lightbox-slideshow=\"258206a3\" data-e-action-hash=\"#elementor-action%3Aaction%3Dlightbox%26settings%3DeyJpZCI6MjUsInVybCI6Imh0dHBzOlwvXC9mYWJyaWsuc2tcL3dwLWNvbnRlbnRcL3VwbG9hZHNcLzIwMjRcLzA4XC9SRC1CYW5vY2lfMi1zY2FsZWQuanBnIiwic2xpZGVzaG93IjoiMjU4MjA2YTMifQ%3D%3D\">\n\t\t\t\t\t<div class=\"e-gallery-image elementor-gallery-item__image\" data-thumbnail=\"https:\/\/fabrik.sk\/wp-content\/uploads\/2024\/08\/RD-Banoci_2-300x225.jpg\" data-width=\"300\" data-height=\"225\" aria-label=\"Rodinn\u00fd dom 3\" role=\"img\" ><\/div>\n\t\t\t\t\t\t\t\t\t\t\t<div class=\"elementor-gallery-item__overlay\"><\/div>\n\t\t\t\t\t\t\t\t\t\t\t\t\t\t<\/a>\n\t\t\t\t\t\t\t<a class=\"e-gallery-item elementor-gallery-item elementor-animated-content\" href=\"https:\/\/fabrik.sk\/wp-content\/uploads\/2024\/08\/PO-Priemyselna_-1-scaled.jpg\" data-elementor-open-lightbox=\"yes\" data-elementor-lightbox-slideshow=\"258206a3\" data-e-action-hash=\"#elementor-action%3Aaction%3Dlightbox%26settings%3DeyJpZCI6MjIsInVybCI6Imh0dHBzOlwvXC9mYWJyaWsuc2tcL3dwLWNvbnRlbnRcL3VwbG9hZHNcLzIwMjRcLzA4XC9QTy1QcmllbXlzZWxuYV8tMS1zY2FsZWQuanBnIiwic2xpZGVzaG93IjoiMjU4MjA2YTMifQ%3D%3D\">\n\t\t\t\t\t<div class=\"e-gallery-image elementor-gallery-item__image\" data-thumbnail=\"https:\/\/fabrik.sk\/wp-content\/uploads\/2024\/08\/PO-Priemyselna_-1-300x225.jpg\" data-width=\"300\" data-height=\"225\" aria-label=\"Polyfunk\u010dn\u00fd objekt\" role=\"img\" ><\/div>\n\t\t\t\t\t\t\t\t\t\t\t<div class=\"elementor-gallery-item__overlay\"><\/div>\n\t\t\t\t\t\t\t\t\t\t\t\t\t\t<\/a>\n\t\t\t\t\t\t\t<a class=\"e-gallery-item elementor-gallery-item elementor-animated-content\" href=\"https:\/\/fabrik.sk\/wp-content\/uploads\/2024\/08\/PO-Priemyselna_2-scaled.jpg\" data-elementor-open-lightbox=\"yes\" data-elementor-lightbox-slideshow=\"258206a3\" data-e-action-hash=\"#elementor-action%3Aaction%3Dlightbox%26settings%3DeyJpZCI6MjMsInVybCI6Imh0dHBzOlwvXC9mYWJyaWsuc2tcL3dwLWNvbnRlbnRcL3VwbG9hZHNcLzIwMjRcLzA4XC9QTy1QcmllbXlzZWxuYV8yLXNjYWxlZC5qcGciLCJzbGlkZXNob3ciOiIyNTgyMDZhMyJ9\">\n\t\t\t\t\t<div class=\"e-gallery-image elementor-gallery-item__image\" data-thumbnail=\"https:\/\/fabrik.sk\/wp-content\/uploads\/2024\/08\/PO-Priemyselna_2-300x225.jpg\" data-width=\"300\" data-height=\"225\" aria-label=\"Polyfunk\u010dn\u00fd objekt 2\" role=\"img\" ><\/div>\n\t\t\t\t\t\t\t\t\t\t\t<div class=\"elementor-gallery-item__overlay\"><\/div>\n\t\t\t\t\t\t\t\t\t\t\t\t\t\t<\/a>\n\t\t\t\t\t\t\t<a class=\"e-gallery-item elementor-gallery-item elementor-animated-content\" href=\"https:\/\/fabrik.sk\/wp-content\/uploads\/2024\/08\/PO-Priemyselna_-3-scaled.jpg\" data-elementor-open-lightbox=\"yes\" data-elementor-lightbox-slideshow=\"258206a3\" data-e-action-hash=\"#elementor-action%3Aaction%3Dlightbox%26settings%3DeyJpZCI6MTMxLCJ1cmwiOiJodHRwczpcL1wvZmFicmlrLnNrXC93cC1jb250ZW50XC91cGxvYWRzXC8yMDI0XC8wOFwvUE8tUHJpZW15c2VsbmFfLTMtc2NhbGVkLmpwZyIsInNsaWRlc2hvdyI6IjI1ODIwNmEzIn0%3D\">\n\t\t\t\t\t<div class=\"e-gallery-image elementor-gallery-item__image\" data-thumbnail=\"https:\/\/fabrik.sk\/wp-content\/uploads\/2024\/08\/PO-Priemyselna_-3-300x225.jpg\" data-width=\"300\" data-height=\"225\" aria-label=\"Polyfunk\u010dn\u00fd objekt 3\" role=\"img\" ><\/div>\n\t\t\t\t\t\t\t\t\t\t\t<div class=\"elementor-gallery-item__overlay\"><\/div>\n\t\t\t\t\t\t\t\t\t\t\t\t\t\t<\/a>\n\t\t\t\t\t\t\t<a class=\"e-gallery-item elementor-gallery-item elementor-animated-content\" href=\"https:\/\/fabrik.sk\/wp-content\/uploads\/2024\/08\/PO-Priemyselna_-4-scaled.jpg\" data-elementor-open-lightbox=\"yes\" data-elementor-lightbox-slideshow=\"258206a3\" data-e-action-hash=\"#elementor-action%3Aaction%3Dlightbox%26settings%3DeyJpZCI6MTMyLCJ1cmwiOiJodHRwczpcL1wvZmFicmlrLnNrXC93cC1jb250ZW50XC91cGxvYWRzXC8yMDI0XC8wOFwvUE8tUHJpZW15c2VsbmFfLTQtc2NhbGVkLmpwZyIsInNsaWRlc2hvdyI6IjI1ODIwNmEzIn0%3D\">\n\t\t\t\t\t<div class=\"e-gallery-image elementor-gallery-item__image\" data-thumbnail=\"https:\/\/fabrik.sk\/wp-content\/uploads\/2024\/08\/PO-Priemyselna_-4-300x225.jpg\" data-width=\"300\" data-height=\"225\" aria-label=\"Polyfunk\u010dn\u00fd objekt 4\" role=\"img\" ><\/div>\n\t\t\t\t\t\t\t\t\t\t\t<div class=\"elementor-gallery-item__overlay\"><\/div>\n\t\t\t\t\t\t\t\t\t\t\t\t\t\t<\/a>\n\t\t\t\t\t\t\t<a class=\"e-gallery-item elementor-gallery-item elementor-animated-content\" href=\"https:\/\/fabrik.sk\/wp-content\/uploads\/2024\/08\/PO-Jesenskeho_1.jpg\" data-elementor-open-lightbox=\"yes\" data-elementor-lightbox-slideshow=\"258206a3\" data-e-action-hash=\"#elementor-action%3Aaction%3Dlightbox%26settings%3DeyJpZCI6MjAsInVybCI6Imh0dHBzOlwvXC9mYWJyaWsuc2tcL3dwLWNvbnRlbnRcL3VwbG9hZHNcLzIwMjRcLzA4XC9QTy1KZXNlbnNrZWhvXzEuanBnIiwic2xpZGVzaG93IjoiMjU4MjA2YTMifQ%3D%3D\">\n\t\t\t\t\t<div class=\"e-gallery-image elementor-gallery-item__image\" data-thumbnail=\"https:\/\/fabrik.sk\/wp-content\/uploads\/2024\/08\/PO-Jesenskeho_1-300x169.jpg\" data-width=\"300\" data-height=\"169\" aria-label=\"Polyfunk\u010dn\u00fd objekt\" role=\"img\" ><\/div>\n\t\t\t\t\t\t\t\t\t\t\t<div class=\"elementor-gallery-item__overlay\"><\/div>\n\t\t\t\t\t\t\t\t\t\t\t\t\t\t<\/a>\n\t\t\t\t\t\t\t<a class=\"e-gallery-item elementor-gallery-item elementor-animated-content\" href=\"https:\/\/fabrik.sk\/wp-content\/uploads\/2024\/08\/PO-Jesenskeho_2.jpg\" data-elementor-open-lightbox=\"yes\" data-elementor-lightbox-slideshow=\"258206a3\" data-e-action-hash=\"#elementor-action%3Aaction%3Dlightbox%26settings%3DeyJpZCI6MjEsInVybCI6Imh0dHBzOlwvXC9mYWJyaWsuc2tcL3dwLWNvbnRlbnRcL3VwbG9hZHNcLzIwMjRcLzA4XC9QTy1KZXNlbnNrZWhvXzIuanBnIiwic2xpZGVzaG93IjoiMjU4MjA2YTMifQ%3D%3D\">\n\t\t\t\t\t<div class=\"e-gallery-image elementor-gallery-item__image\" data-thumbnail=\"https:\/\/fabrik.sk\/wp-content\/uploads\/2024\/08\/PO-Jesenskeho_2-300x169.jpg\" data-width=\"300\" data-height=\"169\" aria-label=\"Polyfunk\u010dn\u00fd objekt\" role=\"img\" ><\/div>\n\t\t\t\t\t\t\t\t\t\t\t<div class=\"elementor-gallery-item__overlay\"><\/div>\n\t\t\t\t\t\t\t\t\t\t\t\t\t\t<\/a>\n\t\t\t\t\t\t\t<a class=\"e-gallery-item elementor-gallery-item elementor-animated-content\" href=\"https:\/\/fabrik.sk\/wp-content\/uploads\/2024\/08\/PO-Jesenskeho_3.jpg\" data-elementor-open-lightbox=\"yes\" data-elementor-lightbox-slideshow=\"258206a3\" data-e-action-hash=\"#elementor-action%3Aaction%3Dlightbox%26settings%3DeyJpZCI6MTI5LCJ1cmwiOiJodHRwczpcL1wvZmFicmlrLnNrXC93cC1jb250ZW50XC91cGxvYWRzXC8yMDI0XC8wOFwvUE8tSmVzZW5za2Vob18zLmpwZyIsInNsaWRlc2hvdyI6IjI1ODIwNmEzIn0%3D\">\n\t\t\t\t\t<div class=\"e-gallery-image elementor-gallery-item__image\" data-thumbnail=\"https:\/\/fabrik.sk\/wp-content\/uploads\/2024\/08\/PO-Jesenskeho_3-300x169.jpg\" data-width=\"300\" data-height=\"169\" aria-label=\"Polyfunk\u010dn\u00fd objekt\" role=\"img\" ><\/div>\n\t\t\t\t\t\t\t\t\t\t\t<div class=\"elementor-gallery-item__overlay\"><\/div>\n\t\t\t\t\t\t\t\t\t\t\t\t\t\t<\/a>\n\t\t\t\t\t\t\t<a class=\"e-gallery-item elementor-gallery-item elementor-animated-content\" href=\"https:\/\/fabrik.sk\/wp-content\/uploads\/2024\/08\/MS-Capor_2-scaled.jpg\" data-elementor-open-lightbox=\"yes\" data-elementor-lightbox-slideshow=\"258206a3\" data-e-action-hash=\"#elementor-action%3Aaction%3Dlightbox%26settings%3DeyJpZCI6MTksInVybCI6Imh0dHBzOlwvXC9mYWJyaWsuc2tcL3dwLWNvbnRlbnRcL3VwbG9hZHNcLzIwMjRcLzA4XC9NUy1DYXBvcl8yLXNjYWxlZC5qcGciLCJzbGlkZXNob3ciOiIyNTgyMDZhMyJ9\">\n\t\t\t\t\t<div class=\"e-gallery-image elementor-gallery-item__image\" data-thumbnail=\"https:\/\/fabrik.sk\/wp-content\/uploads\/2024\/08\/MS-Capor_2-300x225.jpg\" data-width=\"300\" data-height=\"225\" aria-label=\"Matersk\u00e1 \u0161k\u00f4lka\" role=\"img\" ><\/div>\n\t\t\t\t\t\t\t\t\t\t\t<div class=\"elementor-gallery-item__overlay\"><\/div>\n\t\t\t\t\t\t\t\t\t\t\t\t\t\t<\/a>\n\t\t\t\t\t\t\t<a class=\"e-gallery-item elementor-gallery-item elementor-animated-content\" href=\"https:\/\/fabrik.sk\/wp-content\/uploads\/2024\/08\/MS-Capor_1-scaled.jpg\" data-elementor-open-lightbox=\"yes\" data-elementor-lightbox-slideshow=\"258206a3\" data-e-action-hash=\"#elementor-action%3Aaction%3Dlightbox%26settings%3DeyJpZCI6MTgsInVybCI6Imh0dHBzOlwvXC9mYWJyaWsuc2tcL3dwLWNvbnRlbnRcL3VwbG9hZHNcLzIwMjRcLzA4XC9NUy1DYXBvcl8xLXNjYWxlZC5qcGciLCJzbGlkZXNob3ciOiIyNTgyMDZhMyJ9\">\n\t\t\t\t\t<div class=\"e-gallery-image elementor-gallery-item__image\" data-thumbnail=\"https:\/\/fabrik.sk\/wp-content\/uploads\/2024\/08\/MS-Capor_1-300x225.jpg\" data-width=\"300\" data-height=\"225\" aria-label=\"Matersk\u00e1 \u0161k\u00f4lka\" role=\"img\" ><\/div>\n\t\t\t\t\t\t\t\t\t\t\t<div class=\"elementor-gallery-item__overlay\"><\/div>\n\t\t\t\t\t\t\t\t\t\t\t\t\t\t<\/a>\n\t\t\t\t\t\t\t<a class=\"e-gallery-item elementor-gallery-item elementor-animated-content\" href=\"https:\/\/fabrik.sk\/wp-content\/uploads\/2024\/08\/MS-Capor_3-scaled.jpg\" data-elementor-open-lightbox=\"yes\" data-elementor-lightbox-slideshow=\"258206a3\" data-e-action-hash=\"#elementor-action%3Aaction%3Dlightbox%26settings%3DeyJpZCI6MTI2LCJ1cmwiOiJodHRwczpcL1wvZmFicmlrLnNrXC93cC1jb250ZW50XC91cGxvYWRzXC8yMDI0XC8wOFwvTVMtQ2Fwb3JfMy1zY2FsZWQuanBnIiwic2xpZGVzaG93IjoiMjU4MjA2YTMifQ%3D%3D\">\n\t\t\t\t\t<div class=\"e-gallery-image elementor-gallery-item__image\" data-thumbnail=\"https:\/\/fabrik.sk\/wp-content\/uploads\/2024\/08\/MS-Capor_3-300x225.jpg\" data-width=\"300\" data-height=\"225\" aria-label=\"Matersk\u00e1 \u0161k\u00f4lka\" role=\"img\" ><\/div>\n\t\t\t\t\t\t\t\t\t\t\t<div class=\"elementor-gallery-item__overlay\"><\/div>\n\t\t\t\t\t\t\t\t\t\t\t\t\t\t<\/a>\n\t\t\t\t\t\t\t<a class=\"e-gallery-item elementor-gallery-item elementor-animated-content\" href=\"https:\/\/fabrik.sk\/wp-content\/uploads\/2024\/08\/RD-Racz_1.jpg\" data-elementor-open-lightbox=\"yes\" data-elementor-lightbox-slideshow=\"258206a3\" data-e-action-hash=\"#elementor-action%3Aaction%3Dlightbox%26settings%3DeyJpZCI6MjgsInVybCI6Imh0dHBzOlwvXC9mYWJyaWsuc2tcL3dwLWNvbnRlbnRcL3VwbG9hZHNcLzIwMjRcLzA4XC9SRC1SYWN6XzEuanBnIiwic2xpZGVzaG93IjoiMjU4MjA2YTMifQ%3D%3D\">\n\t\t\t\t\t<div class=\"e-gallery-image elementor-gallery-item__image\" data-thumbnail=\"https:\/\/fabrik.sk\/wp-content\/uploads\/2024\/08\/RD-Racz_1-300x169.jpg\" data-width=\"300\" data-height=\"169\" aria-label=\"Rodinn\u00fd dom\" role=\"img\" ><\/div>\n\t\t\t\t\t\t\t\t\t\t\t<div class=\"elementor-gallery-item__overlay\"><\/div>\n\t\t\t\t\t\t\t\t\t\t\t\t\t\t<\/a>\n\t\t\t\t\t\t\t<a class=\"e-gallery-item elementor-gallery-item elementor-animated-content\" href=\"https:\/\/fabrik.sk\/wp-content\/uploads\/2024\/08\/RD-Racz_2.jpg\" data-elementor-open-lightbox=\"yes\" data-elementor-lightbox-slideshow=\"258206a3\" data-e-action-hash=\"#elementor-action%3Aaction%3Dlightbox%26settings%3DeyJpZCI6MTQzLCJ1cmwiOiJodHRwczpcL1wvZmFicmlrLnNrXC93cC1jb250ZW50XC91cGxvYWRzXC8yMDI0XC8wOFwvUkQtUmFjel8yLmpwZyIsInNsaWRlc2hvdyI6IjI1ODIwNmEzIn0%3D\">\n\t\t\t\t\t<div class=\"e-gallery-image elementor-gallery-item__image\" data-thumbnail=\"https:\/\/fabrik.sk\/wp-content\/uploads\/2024\/08\/RD-Racz_2-300x169.jpg\" data-width=\"300\" data-height=\"169\" aria-label=\"Rodinn\u00fd dom\" role=\"img\" ><\/div>\n\t\t\t\t\t\t\t\t\t\t\t<div class=\"elementor-gallery-item__overlay\"><\/div>\n\t\t\t\t\t\t\t\t\t\t\t\t\t\t<\/a>\n\t\t\t\t\t\t\t<a class=\"e-gallery-item elementor-gallery-item elementor-animated-content\" href=\"https:\/\/fabrik.sk\/wp-content\/uploads\/2024\/08\/RD-Racz_3.jpg\" data-elementor-open-lightbox=\"yes\" data-elementor-lightbox-slideshow=\"258206a3\" data-e-action-hash=\"#elementor-action%3Aaction%3Dlightbox%26settings%3DeyJpZCI6MTQ0LCJ1cmwiOiJodHRwczpcL1wvZmFicmlrLnNrXC93cC1jb250ZW50XC91cGxvYWRzXC8yMDI0XC8wOFwvUkQtUmFjel8zLmpwZyIsInNsaWRlc2hvdyI6IjI1ODIwNmEzIn0%3D\">\n\t\t\t\t\t<div class=\"e-gallery-image elementor-gallery-item__image\" data-thumbnail=\"https:\/\/fabrik.sk\/wp-content\/uploads\/2024\/08\/RD-Racz_3-300x169.jpg\" data-width=\"300\" data-height=\"169\" aria-label=\"Rodinn\u00fd dom\" role=\"img\" ><\/div>\n\t\t\t\t\t\t\t\t\t\t\t<div class=\"elementor-gallery-item__overlay\"><\/div>\n\t\t\t\t\t\t\t\t\t\t\t\t\t\t<\/a>\n\t\t\t\t\t\t\t<a class=\"e-gallery-item elementor-gallery-item elementor-animated-content\" href=\"https:\/\/fabrik.sk\/wp-content\/uploads\/2024\/08\/RD-Cernak_1.jpg\" data-elementor-open-lightbox=\"yes\" data-elementor-lightbox-slideshow=\"258206a3\" data-e-action-hash=\"#elementor-action%3Aaction%3Dlightbox%26settings%3DeyJpZCI6MTM2LCJ1cmwiOiJodHRwczpcL1wvZmFicmlrLnNrXC93cC1jb250ZW50XC91cGxvYWRzXC8yMDI0XC8wOFwvUkQtQ2VybmFrXzEuanBnIiwic2xpZGVzaG93IjoiMjU4MjA2YTMifQ%3D%3D\">\n\t\t\t\t\t<div class=\"e-gallery-image elementor-gallery-item__image\" data-thumbnail=\"https:\/\/fabrik.sk\/wp-content\/uploads\/2024\/08\/RD-Cernak_1-300x169.jpg\" data-width=\"300\" data-height=\"169\" aria-label=\"Rodinn\u00fd dom\" role=\"img\" ><\/div>\n\t\t\t\t\t\t\t\t\t\t\t<div class=\"elementor-gallery-item__overlay\"><\/div>\n\t\t\t\t\t\t\t\t\t\t\t\t\t\t<\/a>\n\t\t\t\t\t\t\t<a class=\"e-gallery-item elementor-gallery-item elementor-animated-content\" href=\"https:\/\/fabrik.sk\/wp-content\/uploads\/2024\/08\/RD-Cernak_2.jpg\" data-elementor-open-lightbox=\"yes\" data-elementor-lightbox-slideshow=\"258206a3\" data-e-action-hash=\"#elementor-action%3Aaction%3Dlightbox%26settings%3DeyJpZCI6MTM3LCJ1cmwiOiJodHRwczpcL1wvZmFicmlrLnNrXC93cC1jb250ZW50XC91cGxvYWRzXC8yMDI0XC8wOFwvUkQtQ2VybmFrXzIuanBnIiwic2xpZGVzaG93IjoiMjU4MjA2YTMifQ%3D%3D\">\n\t\t\t\t\t<div class=\"e-gallery-image elementor-gallery-item__image\" data-thumbnail=\"https:\/\/fabrik.sk\/wp-content\/uploads\/2024\/08\/RD-Cernak_2-300x169.jpg\" data-width=\"300\" data-height=\"169\" aria-label=\"Rodinn\u00fd dom\" role=\"img\" ><\/div>\n\t\t\t\t\t\t\t\t\t\t\t<div class=\"elementor-gallery-item__overlay\"><\/div>\n\t\t\t\t\t\t\t\t\t\t\t\t\t\t<\/a>\n\t\t\t\t\t\t\t<a class=\"e-gallery-item elementor-gallery-item elementor-animated-content\" href=\"https:\/\/fabrik.sk\/wp-content\/uploads\/2024\/08\/RD-Cernak_3.jpg\" data-elementor-open-lightbox=\"yes\" data-elementor-lightbox-slideshow=\"258206a3\" data-e-action-hash=\"#elementor-action%3Aaction%3Dlightbox%26settings%3DeyJpZCI6MTQyLCJ1cmwiOiJodHRwczpcL1wvZmFicmlrLnNrXC93cC1jb250ZW50XC91cGxvYWRzXC8yMDI0XC8wOFwvUkQtQ2VybmFrXzMuanBnIiwic2xpZGVzaG93IjoiMjU4MjA2YTMifQ%3D%3D\">\n\t\t\t\t\t<div class=\"e-gallery-image elementor-gallery-item__image\" data-thumbnail=\"https:\/\/fabrik.sk\/wp-content\/uploads\/2024\/08\/RD-Cernak_3-300x169.jpg\" data-width=\"300\" data-height=\"169\" aria-label=\"Rodinn\u00fd dom\" role=\"img\" ><\/div>\n\t\t\t\t\t\t\t\t\t\t\t<div class=\"elementor-gallery-item__overlay\"><\/div>\n\t\t\t\t\t\t\t\t\t\t\t\t\t\t<\/a>\n\t\t\t\t\t<\/div>\n\t\t\t\t\t<\/div>\n\t\t\t\t<\/div>\n\t\t\t\t\t<\/div>\n\t\t\t\t<\/div>\n\t\t\t\t<\/div>\n\t\t","protected":false},"excerpt":{"rendered":"","protected":false},"author":1,"featured_media":0,"parent":0,"menu_order":0,"comment_status":"closed","ping_status":"closed","template":"elementor_theme","meta":{"footnotes":""},"class_list":["post-204","page","type-page","status-publish","hentry"],"_links":{"self":[{"href":"https:\/\/fabrik.sk\/index.php\/wp-json\/wp\/v2\/pages\/204","targetHints":{"allow":["GET"]}}],"collection":[{"href":"https:\/\/fabrik.sk\/index.php\/wp-json\/wp\/v2\/pages"}],"about":[{"href":"https:\/\/fabrik.sk\/index.php\/wp-json\/wp\/v2\/types\/page"}],"author":[{"embeddable":true,"href":"https:\/\/fabrik.sk\/index.php\/wp-json\/wp\/v2\/users\/1"}],"replies":[{"embeddable":true,"href":"https:\/\/fabrik.sk\/index.php\/wp-json\/wp\/v2\/comments?post=204"}],"version-history":[{"count":3,"href":"https:\/\/fabrik.sk\/index.php\/wp-json\/wp\/v2\/pages\/204\/revisions"}],"predecessor-version":[{"id":211,"href":"https:\/\/fabrik.sk\/index.php\/wp-json\/wp\/v2\/pages\/204\/revisions\/211"}],"wp:attachment":[{"href":"https:\/\/fabrik.sk\/index.php\/wp-json\/wp\/v2\/media?parent=204"}],"curies":[{"name":"wp","href":"https:\/\/api.w.org\/{rel}","templated":true}]}}